3 + 17*l**2 + 62*l + 19. Is w(-20) a prime number?
False
Let c be (6/(-9))/((-2)/4167). Is c/1 + 0 + (1 - 1) composite?
True
Let j(w) = -3*w**3 + 4*w**2 + 28*w + 4. Let u be j(-4). Let l = u - -299. Is l a composite number?
True
Let m(o) = -1580*o**3 - 4*o**2 - 25*o - 58. Is m(-3) prime?
True
Suppose -3*y - 5*y - 2544 = 0. Let d = y + 1405. Is d composite?
False
Let y(r) = -r - 5. Let o be y(-8). Suppose -2*n - o*n - 4*k + 2269 = 0, 3*k + 1356 = 3*n. Suppose -137 = 4*i - n. Is i a prime number?
True
Let b = -20 - -21. Is 131/(b/(-1))*-1 composite?
False
Let c = 2086 + -303. Is c prime?
True
Let z(h) = 342*h**2 + 15*h + 16. Is z(-3) a composite number?
False
Let b = -2471 + 3985. Is b a prime number?
False
Suppose -3*z = -4 - 2. Suppose 6 = z*p, -3*r + 838 = p + 226. Is r a composite number?
True
Suppose -5*l - 10 - 5 = 0. Let q(f) = 3*f - f**3 + 0*f**3 - 5*f**3 + 3*f**2 + 4*f**3 + 2. Is q(l) a prime number?
False
Let u be (1 - 0) + -1861 + -3. Let m = -1235 - u. Suppose -4*z = -0*z - m. Is z a composite number?
False
Suppose 4*z - 2*z - 308 = 0. Is (-6 - -5) + z + 2 a composite number?
True
Let m(a) = -a**3 + 7*a**2 - 5*a - 5. Let u be m(6). Is u + 1 + 6942/6 composite?
True
Let q be (2 + -6*1)/(-1). Is (1 - -23) + q/1 + -2 composite?
True
Suppose 5*r = 9*p - 7*p - 93243, 0 = -4*p + 3*r + 186479. Is p composite?
False
Suppose -5*f + 9762 = 4*n, 2*f - 5249 - 2076 = -3*n. Is n a prime number?
False
Let k(s) = 49*s**2 - 17*s - 13. Is k(-4) composite?
False
Is 17/68 - ((-8171)/4 - 2) a composite number?
True
Let x(u) = 3*u**3 - 9*u**2 + 5*u + 12. Let h be x(6). Suppose 3*s - s - h = 0. Is s a composite number?
True
Let w = 53945 - 38128. Is w a prime number?
True
Is (-3)/(55838/(-83730) + 12/18) a prime number?
False
Suppose -i - 2*o = 20, 3*i - 2*o + 69 = 9. Let q = i - -20. Suppose 3*k + k - 2*r - 1576 = q, -5*k + 1971 = -2*r. Is k prime?
False
Suppose -5*p - 11272 = -3*q - 10*p, -p + 15001 = 4*q. Is q prime?
False
Suppose -4*v - 3*f - 59 = 0, -2*f - 4 = -5*v - 49. Let w(a) = -a**3 - 10*a**2 + 9*a + 15. Is w(v) a prime number?
True
Let d(y) = 362*y**2 - 10*y + 23. Is d(3) composite?
False
Suppose 62*d - 64*d = -8734. Is d a prime number?
False
Let q(l) = 100*l**2 - 20*l + 13. Is q(10) composite?
True
Let j be -6 + 3 - -6 - 0/1. Suppose 3*w - 3*a - 405 = 0, j*w - 7*a + 3*a - 407 = 0. Is w prime?
False
Suppose 0*g - 2*g = 6. Is (-15128)/(-24) - 2/g composite?
False
Let x(f) = 7*f + 9*f**2 - 33 - 2*f**2 + 2*f. Is x(-14) a composite number?
False
Let d = -42582 + 98999. Is d a composite number?
False
Let z(n) = 586*n**2 + 51*n - 8. Is z(-7) a prime number?
True
Let k(r) = 20*r**3 - 6*r**2 - 3*r + 28. Is k(5) a prime number?
False
Let n be (-2)/8 + (-16900)/(-80). Let j = n - 128. Is j a composite number?
False
Let p(r) = -6840*r**3 + 2*r**2 - 15*r - 16. Is p(-1) a composite number?
False
Suppose 12*d - 213599 - 662797 = 0. Is d a prime number?
False
Suppose 8 = -3*y + 2. Is y - ((-4)/1 - 515) prime?
False
Let l(b) = -b**3 + 10*b**2 + 25*b - 11. Let j be l(12). Is (-50175)/(-525) + j + (-11)/7 a composite number?
True
Let p(j) = -1050*j + 205. Is p(-6) prime?
False
Let g = 4382 - 6152. Let q = g + 2956. Is q composite?
True
Let f(t) = -4*t + 1. Let x be f(4). Let q = x - 69. Let p = 139 + q. Is p a composite number?
True
Suppose -v + l = -120, 0*l - 117 = -v - 2*l. Let d = -73 + 109. Let f = v - d. Is f a prime number?
True
Let f(r) = 167*r**2 + 3*r - 5. Let t(j) = j**2 - 16*j + 30. Let c be t(14). Is f(c) a composite number?
True
Let w be 1082/(-9) + 8/36. Let o be (0 + 5)*w/(-5). Suppose 0 = -j + 382 - o. Is j a prime number?
False
Suppose 0 = 2*i + 3*v - 74, -4*i + v - 16 = -164. Suppose -i*x = -30*x - 9779. Is x a prime number?
False
Suppose -5*t = -v - 87276, 24*v - 87280 = -5*t + 29*v. Is t prime?
False
Let t(j) = 8*j**2 - 23*j - 16. Let x be t(16). Suppose 0 = 3*h - 2*h - 3, x = 5*n + 3*h. Is n a prime number?
True
Let t be (-10 - -9)*(2 - 7). Suppose t*r - 3*r - 334 = 0. Is r composite?
False
Suppose -5*b + 898 = -4*p, b + p - 34 = 151. Let w be b - (-1 + 2/(-1)). Let u = -106 + w. Is u composite?
False
Let p(s) = -s**2 - 4*s + 4. Let y be p(-3). Suppose -5*i = -y*i - 6. Is (-12)/18 + (-539)/i a prime number?
True
Let o(t) = -50*t - 27. Is o(-10) composite?
True
Suppose 3*n = 3*d + 4251, -3*n - d + 0*d + 4259 = 0. Let h = n + -1010. Is h a composite number?
False
Suppose 5*i + 3*p - 13728 = 48521, 2*i = -p + 24900. Is i a composite number?
False
Suppose 2*l - 118692 = -1238. Is l prime?
True
Suppose 3*c = -6, 5*r - 436 = -4*c + 301. Is r composite?
False
Let f(x) = 3*x + 2. Let s be f(1). Suppose 5*q - 5 = a + 8, -3*q = -3*a - 15. Suppose -240 = -4*y - s*k, 2*y + q*y + 4*k = 236. Is y composite?
True
Let u(g) = -6*g**3 + 7*g**2 + 11*g + 19. Let t be u(-11). Suppose 3*c - t = 4*j, -4*c + 5*j - 2*j = -11639. Is c composite?
False
Suppose 5*q = 3*q - 8. Is (q - (-681 + 0)) + -4*1 a composite number?
False
Let t be (22/5 + -4)*580. Let g = 2 + -4. Is 0/g + t + 1 a prime number?
True
Suppose 5*b - 3994 = -2*j, 3335 = -4*j - 2*b + 11323. Suppose -x - j = -4*n - 4*x, 5*x = 15. Is n a prime number?
False
Let j be 3/(20/8 - 3). Let m = j + 64. Is m a composite number?
True
Let f = 20 - 17. Suppose 6583 = 4*d - 3*g, -f*d - 2*g + 5026 = 93. Suppose -y - d = -6*y. Is y a prime number?
False
Suppose -113065 = 272*f - 277*f. Is f prime?
True
Let k be (6/(-12))/((-3)/12). Suppose -p - 5 = k*b, -5*b = 5*p - b + 1. Is 327/(9/p) + 0 a composite number?
False
Let x = 8946 + 5653. Is x prime?
False
Suppose -66*c = -55*c - 80267. Is c a composite number?
False
Let t(s) be the second derivative of -62*s**3/3 - 4*s**2 + 2*s. Let d be t(-3). Let n = 31 + d. Is n a composite number?
True
Let m = 15236 + -9985. Is m prime?
False
Suppose 10 = 2*w + 3*w. Suppose -w*x = -3*x + 580. Is x/5 + -2 + 1 a prime number?
False
Let j(u) = -u - 6. Let c be j(-11). Suppose -7 = 5*k + 3*s, -2*s = c*k + 3*s + 5. Is (410 - (k - 0)) + 1 a prime number?
False
Suppose -13239 = 456*l - 459*l. Is l a composite number?
True
Suppose -11*s = -5*s - 8202. Is s a prime number?
True
Let w = 1325 + -1147. Is w a composite number?
True
Suppose 3*n - 5*v - 7 - 7 = 0, v = -4*n - 12. Is n/((-12)/(-1893))*-2 a prime number?
True
Let g be 3 + 64905/(-35) - 6/(-14). Let x = 3610 + g. Is x a composite number?
False
Let m = -7 - -2. Is 11118/30 - 2/m a composite number?
True
Let o = 15676 - 2781. Is o prime?
False
Suppose -305 - 2852 = -g. Suppose 3*t + 2*n = t + 1274, g = 5*t - 2*n. Is t a composite number?
True
Suppose 2*u + f = 37610, -7*f - 35749 = -3*u + 20666. Is u a prime number?
False
Let y be 10/(-15)*((-13)/2 + -1). Suppose y*h + h - 22146 = 0. Is h a composite number?
False
Let a(y) = -6508*y - 30. Let n be a(-5). Suppose -n = -21*f + 11*f. Is f a prime number?
True
Let t = 142063 + 214180. Is t a composite number?
False
Is -49 + 42 + 7*212 a composite number?
True
Let n be (0 + (-11)/2)/((-4)/(-8)). Let v(q) be the second derivative of -q**5/20 - 11*q**4/12 - 3*q**3/2 + 2*q**2 + q. Is v(n) prime?
True
Suppose 2*v = 10, -20*t + 19*t = 3*v - 2518. Is t composite?
False
Let h(u) = 26*u - 111. Is h(43) composite?
True
Let t(p) = 9*p**3 + 1399 - 12*p**3 + p**3 - 2*p + p**2. Is t(0) a prime number?
True
Suppose 2*g - 11 = 457. Let w = 425 - g. Is w prime?
True
Suppose 2*x = x + 45. Let n be -258*(4 - x/6). Suppose -5*c + n + 1007 = 0. Is c prime?
False
Let u = -10 + 15. Suppose u*g = -878 + 4123. Is g prime?
False
Let b(r) = -r - 20. Let z be b(-13). Let p = z - -6. Let q(n) = 132*n**2 - 1. Is q(p) a prime number?
True
Suppose 3*y - 5*y + 14 = 0. Suppose -6*v = -y*v + 3. Is (133/(-2))/(v/(-6)) composite?
True
Let i = 2368 - -1539. Is i prime?
True
Let j(d) = 68*d + 2. Let f be j(-5). Is (10/(-5) - f) + 1 a prime number?
True
Let f be ((0 - 2) + 6)*1. Let w = f + 0. Suppose z + 0*a - 79 = -a, w*a = -5*z + 393. Is z a composite number?
True
Let i(l) = -l**2 - 20*l - 101. Let o be i(-11). Suppose 5*f + 4 = -4*v, 4*f = -0*v - 2*v - 8. Is 94/v + o/4 a prime number?
True
Let u = -29275 + 100802. Is u prime?
True
Suppose -w = 2*u - 3*w + 876, -3*w = 4*u + 1724. Let c = u - -1083. Is c a prime number?
False
Let s = 3406 + -5828. Is s/(((-2)/6)/(2/12)) a composite number?
True
Is 8/(-28) + 68565/49 prim